{"id":1199,"date":"2021-05-19T18:56:14","date_gmt":"2021-05-19T23:56:14","guid":{"rendered":"https:\/\/neosistemas.edu.co\/ceneosistemas\/?page_id=1199"},"modified":"2025-02-19T06:58:16","modified_gmt":"2025-02-19T11:58:16","slug":"consejo-de-estudiantes-2","status":"publish","type":"page","link":"https:\/\/neosistemas.edu.co\/ceneosistemas\/index.php\/consejo-de-estudiantes-2\/","title":{"rendered":"Consejo de estudiantes"},"content":{"rendered":"\t\t<div data-elementor-type=\"wp-page\" data-elementor-id=\"1199\" class=\"elementor elementor-1199\" data-elementor-settings=\"[]\">\n\t\t\t\t\t\t\t<div class=\"elementor-section-wrap\">\n\t\t\t\t\t\t\t<section class=\"elementor-section elementor-top-section elementor-element elementor-element-3501fc8 elementor-section-boxed elementor-section-height-default elementor-section-height-default\" data-id=\"3501fc8\" data-element_type=\"section\">\n\t\t\t\t\t\t<div class=\"elementor-container elementor-column-gap-default\">\n\t\t\t\t\t<div class=\"elementor-column elementor-col-100 elementor-top-column elementor-element elementor-element-70cd780\" data-id=\"70cd780\" data-element_type=\"column\">\n\t\t\t<div class=\"elementor-widget-wrap elementor-element-populated\">\n\t\t\t\t\t\t\t\t<div class=\"elementor-element elementor-element-fc99277 elementor-widget elementor-widget-text-editor\" data-id=\"fc99277\" data-element_type=\"widget\" data-widget_type=\"text-editor.default\">\n\t\t\t\t<div class=\"elementor-widget-container\">\n\t\t\t\t\t<div class=\"elementor-text-editor elementor-clearfix\"><p><strong>CONSEJO DE ESTUDIANTES 2025<\/strong><\/p><p>Transici\u00f3n A: Jacobo Acevedo Cuartas<\/p><p>Transici\u00f3n B: Juan Mart\u00edn Ochoa V\u00e1squez<\/p><p>Primero: Violeta S\u00e1nchez Carmona<\/p><p>Segundo: Violeta S\u00e1nchez Carmona<\/p><p>Tercero: Antonia Rodr\u00edguez Cata\u00f1o<\/p><p>Cuarto: Mar\u00eda Celeste Bernal Valencia<\/p><p>Quinto: Ailyn Valentina Montealegre Meneses<\/p><p>Sexto: Agust\u00edn Higuita Salazar<\/p><p>S\u00e9ptimo: Valeria Su\u00e1rez Monsalve<\/p><p>Octavo: Guillermo Alonso Grajales Manobanda<\/p><p>Noveno: Brian David Borda Giraldo<\/p><p>D\u00e9cimo: Samia Gabriela Vidal Bernal<\/p><p>Und\u00e9cimo: Santiago Londo\u00f1o Zapata<\/p><\/div>\n\t\t\t\t<\/div>\n\t\t\t\t<\/div>\n\t\t\t\t\t<\/div>\n\t\t<\/div>\n\t\t\t\t\t\t\t<\/div>\n\t\t<\/section>\n\t\t\t\t\t\t<\/div>\n\t\t\t\t\t<\/div>\n\t\t","protected":false},"excerpt":{"rendered":"<p>CONSEJO DE ESTUDIANTES 2025 Transici\u00f3n A: Jacobo Acevedo Cuartas Transici\u00f3n B: Juan Mart\u00edn Ochoa V\u00e1squez Primero: Violeta S\u00e1nchez Carmona Segundo: Violeta S\u00e1nchez Carmona Tercero: Antonia Rodr\u00edguez Cata\u00f1o Cuarto: Mar\u00eda Celeste Bernal Valencia Quinto: Ailyn Valentina Montealegre Meneses Sexto: Agust\u00edn Higuita Salazar S\u00e9ptimo: Valeria Su\u00e1rez Monsalve Octavo: Guillermo Alonso Grajales Manobanda Noveno: Brian David Borda Giraldo [&hellip;]<\/p>\n","protected":false},"author":1,"featured_media":0,"parent":0,"menu_order":0,"comment_status":"closed","ping_status":"closed","template":"","meta":{"om_disable_all_campaigns":false},"_links":{"self":[{"href":"https:\/\/neosistemas.edu.co\/ceneosistemas\/index.php\/wp-json\/wp\/v2\/pages\/1199"}],"collection":[{"href":"https:\/\/neosistemas.edu.co\/ceneosistemas\/index.php\/wp-json\/wp\/v2\/pages"}],"about":[{"href":"https:\/\/neosistemas.edu.co\/ceneosistemas\/index.php\/wp-json\/wp\/v2\/types\/page"}],"author":[{"embeddable":true,"href":"https:\/\/neosistemas.edu.co\/ceneosistemas\/index.php\/wp-json\/wp\/v2\/users\/1"}],"replies":[{"embeddable":true,"href":"https:\/\/neosistemas.edu.co\/ceneosistemas\/index.php\/wp-json\/wp\/v2\/comments?post=1199"}],"version-history":[{"count":17,"href":"https:\/\/neosistemas.edu.co\/ceneosistemas\/index.php\/wp-json\/wp\/v2\/pages\/1199\/revisions"}],"predecessor-version":[{"id":3899,"href":"https:\/\/neosistemas.edu.co\/ceneosistemas\/index.php\/wp-json\/wp\/v2\/pages\/1199\/revisions\/3899"}],"wp:attachment":[{"href":"https:\/\/neosistemas.edu.co\/ceneosistemas\/index.php\/wp-json\/wp\/v2\/media?parent=1199"}],"curies":[{"name":"wp","href":"https:\/\/api.w.org\/{rel}","templated":true}]}}