{"id":1213,"date":"2021-05-19T19:04:43","date_gmt":"2021-05-20T00:04:43","guid":{"rendered":"https:\/\/neosistemas.edu.co\/ceneosistemas\/?page_id=1213"},"modified":"2025-02-20T06:36:30","modified_gmt":"2025-02-20T11:36:30","slug":"comite-de-convivencia-escolar","status":"publish","type":"page","link":"https:\/\/neosistemas.edu.co\/ceneosistemas\/index.php\/comite-de-convivencia-escolar\/","title":{"rendered":"Comit\u00e9 de convivencia escolar"},"content":{"rendered":"\t\t<div data-elementor-type=\"wp-page\" data-elementor-id=\"1213\" class=\"elementor elementor-1213\" data-elementor-settings=\"[]\">\n\t\t\t\t\t\t\t<div class=\"elementor-section-wrap\">\n\t\t\t\t\t\t\t<section class=\"elementor-section elementor-top-section elementor-element elementor-element-fdda6c0 elementor-section-boxed elementor-section-height-default elementor-section-height-default\" data-id=\"fdda6c0\" data-element_type=\"section\">\n\t\t\t\t\t\t<div class=\"elementor-container elementor-column-gap-default\">\n\t\t\t\t\t<div class=\"elementor-column elementor-col-100 elementor-top-column elementor-element elementor-element-3c3c65d\" data-id=\"3c3c65d\" data-element_type=\"column\">\n\t\t\t<div class=\"elementor-widget-wrap elementor-element-populated\">\n\t\t\t\t\t\t\t\t<div class=\"elementor-element elementor-element-760d596 elementor-widget elementor-widget-text-editor\" data-id=\"760d596\" data-element_type=\"widget\" data-widget_type=\"text-editor.default\">\n\t\t\t\t<div class=\"elementor-widget-container\">\n\t\t\t\t\t<div class=\"elementor-text-editor elementor-clearfix\"><p><strong>COMIT\u00c9 DE CONVIVENCIA&nbsp; GRUPAL 2025<\/strong><\/p>\n<p><strong>Preescolar A:&nbsp;<\/strong><\/p><p><span style=\"color: var( --e-global-color-text ); font-family: var( --e-global-typography-text-font-family ), Sans-serif; font-weight: var( --e-global-typography-text-font-weight );\">Sof\u00eda Vanegas Correa<\/span><\/p><p>Milagros Monsalve Castrill\u00f3n<\/p>\n<p><strong>Preescolar B:<\/strong><\/p>\n<p>Ismael Jim\u00e9nez \u00c1lvarez<br>Isabella Henao Echeverri<\/p>\n<p><strong>Primero:&nbsp;&nbsp;&nbsp;<\/strong><\/p>\n<p>Mar\u00eda \u00c1ngel Arboleda Mu\u00f1oz<br>Mat\u00edas G\u00f3mez Cadavid&nbsp;&nbsp;&nbsp;&nbsp;&nbsp;&nbsp;<\/p>\n<p><strong>Segundo:<\/strong><strong>&nbsp;&nbsp;<\/strong><\/p>\n<p>Julieta Corrales Valencia <br>Ana Luc\u00eda Giraldo Mu\u00f1oz<br>Sof\u00eda Henao Agudelo&nbsp;&nbsp;&nbsp;&nbsp;&nbsp;&nbsp;<\/p>\n<p><strong>Tercero:&nbsp; <\/strong><\/p>\n<p>Juan Jos\u00e9 Echeverri Silva <br>Laura Jim\u00e9nez Zapata <br>Tom\u00e1s Calle Agudelo&nbsp; &nbsp; &nbsp;<\/p>\n<p><strong>Cuarto:&nbsp;<\/strong><\/p>\n<p><strong>&nbsp;<\/strong>Tomas Longas Vanegas <br>Antonia Sierra Alzate <br>&nbsp;Mois\u00e9s David Gahona Castrill\u00f3n&nbsp;&nbsp;&nbsp;&nbsp;&nbsp;&nbsp;&nbsp;&nbsp;&nbsp;<\/p>\n<p><strong>Quinto:<\/strong><\/p>\n<p>Juli\u00e1n Mat\u00edas Mart\u00ednez Bejarano <br>Mar\u00eda Paulina Fonseca Castrill\u00f3n<br>Emiliano L\u00f3pez Zapata<\/p>\n<p><strong>Sexto: &nbsp;<\/strong><\/p>\n<p>Mart\u00edn Medina Bustamante <br>Marius Dorian Isaza Gierek<br>Mariangel Correa Hern\u00e1ndez&nbsp;&nbsp;&nbsp;&nbsp;&nbsp;&nbsp;&nbsp;&nbsp;&nbsp;<\/p>\n<p><strong>S\u00e9ptimo:<\/strong> &nbsp;&nbsp;<\/p>\n<p>Luisa Mar\u00eda Sierra Garc\u00eda <br>Juan \u00c1ngel Giraldo Bastidas<br>Julio C\u00e9sar Posada Jim\u00e9nez&nbsp;&nbsp;&nbsp;&nbsp;&nbsp;&nbsp;&nbsp;&nbsp;&nbsp;<\/p>\n<p><strong>Octavo:&nbsp;&nbsp;<\/strong>&nbsp;<\/p>\n<p><strong>Noveno:&nbsp;&nbsp;<\/strong>&nbsp;&nbsp;&nbsp;<\/p>\n<p>Thomas Molina \u00c1lvarez <br>Jos\u00e9 Manuel Zapata Serna<br>Ximena Molina Foronda&nbsp;&nbsp;&nbsp;&nbsp;&nbsp;&nbsp;&nbsp;&nbsp;<\/p>\n<p><strong>D\u00e9cimo:&nbsp;&nbsp;<\/strong>&nbsp;&nbsp;&nbsp;&nbsp;<\/p>\n<p>Juan Jos\u00e9 Rojas Montoya <br>Mariana S\u00e1nchez Calder\u00f3n <br>Johan Esteban Galindo Meneses&nbsp;&nbsp;&nbsp;&nbsp;&nbsp;&nbsp;&nbsp;&nbsp;<\/p>\n<p><strong>Und\u00e9cimo:<\/strong> &nbsp;&nbsp;&nbsp;&nbsp;&nbsp;&nbsp;&nbsp;<\/p>\n<p>Ana Sof\u00eda Castrill\u00f3n Torres<br>Mar\u00eda Camila Zuleta Callejas<br>Juan Jos\u00e9 R\u00edos Serna<\/p><\/div>\n\t\t\t\t<\/div>\n\t\t\t\t<\/div>\n\t\t\t\t\t<\/div>\n\t\t<\/div>\n\t\t\t\t\t\t\t<\/div>\n\t\t<\/section>\n\t\t\t\t\t\t<\/div>\n\t\t\t\t\t<\/div>\n\t\t","protected":false},"excerpt":{"rendered":"<p>COMIT\u00c9 DE CONVIVENCIA&nbsp; GRUPAL 2025 Preescolar A:&nbsp; Sof\u00eda Vanegas Correa Milagros Monsalve Castrill\u00f3n Preescolar B: Ismael Jim\u00e9nez \u00c1lvarezIsabella Henao Echeverri Primero:&nbsp;&nbsp;&nbsp; Mar\u00eda \u00c1ngel Arboleda Mu\u00f1ozMat\u00edas G\u00f3mez Cadavid&nbsp;&nbsp;&nbsp;&nbsp;&nbsp;&nbsp; Segundo:&nbsp;&nbsp; Julieta Corrales Valencia Ana Luc\u00eda Giraldo Mu\u00f1ozSof\u00eda Henao Agudelo&nbsp;&nbsp;&nbsp;&nbsp;&nbsp;&nbsp; Tercero:&nbsp; Juan Jos\u00e9 Echeverri Silva Laura Jim\u00e9nez Zapata Tom\u00e1s Calle Agudelo&nbsp; &nbsp; &nbsp; Cuarto:&nbsp; &nbsp;Tomas Longas Vanegas Antonia [&hellip;]<\/p>\n","protected":false},"author":1,"featured_media":0,"parent":0,"menu_order":0,"comment_status":"closed","ping_status":"closed","template":"","meta":{"om_disable_all_campaigns":false},"_links":{"self":[{"href":"https:\/\/neosistemas.edu.co\/ceneosistemas\/index.php\/wp-json\/wp\/v2\/pages\/1213"}],"collection":[{"href":"https:\/\/neosistemas.edu.co\/ceneosistemas\/index.php\/wp-json\/wp\/v2\/pages"}],"about":[{"href":"https:\/\/neosistemas.edu.co\/ceneosistemas\/index.php\/wp-json\/wp\/v2\/types\/page"}],"author":[{"embeddable":true,"href":"https:\/\/neosistemas.edu.co\/ceneosistemas\/index.php\/wp-json\/wp\/v2\/users\/1"}],"replies":[{"embeddable":true,"href":"https:\/\/neosistemas.edu.co\/ceneosistemas\/index.php\/wp-json\/wp\/v2\/comments?post=1213"}],"version-history":[{"count":30,"href":"https:\/\/neosistemas.edu.co\/ceneosistemas\/index.php\/wp-json\/wp\/v2\/pages\/1213\/revisions"}],"predecessor-version":[{"id":3912,"href":"https:\/\/neosistemas.edu.co\/ceneosistemas\/index.php\/wp-json\/wp\/v2\/pages\/1213\/revisions\/3912"}],"wp:attachment":[{"href":"https:\/\/neosistemas.edu.co\/ceneosistemas\/index.php\/wp-json\/wp\/v2\/media?parent=1213"}],"curies":[{"name":"wp","href":"https:\/\/api.w.org\/{rel}","templated":true}]}}