{"id":1239,"date":"2021-05-19T19:59:16","date_gmt":"2021-05-20T00:59:16","guid":{"rendered":"https:\/\/neosistemas.edu.co\/ceneosistemas\/?page_id=1239"},"modified":"2025-02-05T07:15:40","modified_gmt":"2025-02-05T12:15:40","slug":"personeros","status":"publish","type":"page","link":"https:\/\/neosistemas.edu.co\/ceneosistemas\/index.php\/personeros\/","title":{"rendered":"Personeros"},"content":{"rendered":"\t\t<div data-elementor-type=\"wp-page\" data-elementor-id=\"1239\" class=\"elementor elementor-1239\" data-elementor-settings=\"[]\">\n\t\t\t\t\t\t\t<div class=\"elementor-section-wrap\">\n\t\t\t\t\t\t\t<section class=\"elementor-section elementor-top-section elementor-element elementor-element-b6cce64 elementor-section-boxed elementor-section-height-default elementor-section-height-default\" data-id=\"b6cce64\" data-element_type=\"section\">\n\t\t\t\t\t\t<div class=\"elementor-container elementor-column-gap-default\">\n\t\t\t\t\t<div class=\"elementor-column elementor-col-100 elementor-top-column elementor-element elementor-element-af14083\" data-id=\"af14083\" data-element_type=\"column\">\n\t\t\t<div class=\"elementor-widget-wrap elementor-element-populated\">\n\t\t\t\t\t\t\t\t<div class=\"elementor-element elementor-element-4a3dcea elementor-widget elementor-widget-text-editor\" data-id=\"4a3dcea\" data-element_type=\"widget\" data-widget_type=\"text-editor.default\">\n\t\t\t\t<div class=\"elementor-widget-container\">\n\t\t\t\t\t<div class=\"elementor-text-editor elementor-clearfix\"><p><strong>PERSONEROS ESTUDIANTILES <\/strong><\/p>\n<ul>\n<li><strong>&nbsp;<\/strong><strong>2006: <\/strong>Yolima Isaza Arenas<\/li>\n<li><strong>2007: <\/strong>Alejandro Uribe S\u00e1nchez<\/li>\n<li><strong>2008: <\/strong>Emmanuel Castrill\u00f3n Cardona<\/li>\n<li><strong>2009: <\/strong>Mar\u00eda Camila Alzate Bustamante<\/li>\n<li><strong>2010: <\/strong>Estefan\u00eda Carvajal Restrepo<\/li>\n<li><strong>2011: <\/strong>Camila Alzate Ram\u00edrez<\/li>\n<li><strong>2012: <\/strong>Jorge Castro Castro<\/li>\n<li><strong>2013: <\/strong>Mar\u00eda Camila Hoyos Franco<\/li>\n<li><strong>2014: <\/strong>Juan Jos\u00e9 Chica Mesa<\/li>\n<li><strong>2015: <\/strong>Mar\u00eda Daniela Zapata Moncada<\/li>\n<li><strong>2016: <\/strong>Daniel Orozco C\u00f3rdoba<\/li>\n<li><strong>2017: <\/strong>Felipe Arias Ochoa<\/li>\n<li><strong>2018: <\/strong>Andr\u00e9s Ospina Madrid<\/li>\n<li><strong>2019: <\/strong>David Correa Carvajal<\/li>\n<li><strong>2020: <\/strong>Michell Foronda Bedoya<\/li>\n<li><strong>2021: <\/strong>Federico Londo\u00f1o Zapata<\/li>\n<li><strong>2022:<\/strong> Mar\u00eda del Mar Duque Rend\u00f3n<\/li>\n<li><strong>2023:<\/strong> Miguel \u00c1ngel Sierra Garc\u00eda<\/li><li><span style=\"font-weight: bolder;\">2024:<\/span>&nbsp;Stephani Jaramillo Alzate<\/li>\n<\/ul><\/div>\n\t\t\t\t<\/div>\n\t\t\t\t<\/div>\n\t\t\t\t\t<\/div>\n\t\t<\/div>\n\t\t\t\t\t\t\t<\/div>\n\t\t<\/section>\n\t\t\t\t\t\t<\/div>\n\t\t\t\t\t<\/div>\n\t\t","protected":false},"excerpt":{"rendered":"<p>PERSONEROS ESTUDIANTILES &nbsp;2006: Yolima Isaza Arenas 2007: Alejandro Uribe S\u00e1nchez 2008: Emmanuel Castrill\u00f3n Cardona 2009: Mar\u00eda Camila Alzate Bustamante 2010: Estefan\u00eda Carvajal Restrepo 2011: Camila Alzate Ram\u00edrez 2012: Jorge Castro Castro 2013: Mar\u00eda Camila Hoyos Franco 2014: Juan Jos\u00e9 Chica Mesa 2015: Mar\u00eda Daniela Zapata Moncada 2016: Daniel Orozco C\u00f3rdoba 2017: Felipe Arias Ochoa 2018: [&hellip;]<\/p>\n","protected":false},"author":1,"featured_media":0,"parent":0,"menu_order":0,"comment_status":"closed","ping_status":"closed","template":"","meta":{"om_disable_all_campaigns":false},"_links":{"self":[{"href":"https:\/\/neosistemas.edu.co\/ceneosistemas\/index.php\/wp-json\/wp\/v2\/pages\/1239"}],"collection":[{"href":"https:\/\/neosistemas.edu.co\/ceneosistemas\/index.php\/wp-json\/wp\/v2\/pages"}],"about":[{"href":"https:\/\/neosistemas.edu.co\/ceneosistemas\/index.php\/wp-json\/wp\/v2\/types\/page"}],"author":[{"embeddable":true,"href":"https:\/\/neosistemas.edu.co\/ceneosistemas\/index.php\/wp-json\/wp\/v2\/users\/1"}],"replies":[{"embeddable":true,"href":"https:\/\/neosistemas.edu.co\/ceneosistemas\/index.php\/wp-json\/wp\/v2\/comments?post=1239"}],"version-history":[{"count":17,"href":"https:\/\/neosistemas.edu.co\/ceneosistemas\/index.php\/wp-json\/wp\/v2\/pages\/1239\/revisions"}],"predecessor-version":[{"id":3878,"href":"https:\/\/neosistemas.edu.co\/ceneosistemas\/index.php\/wp-json\/wp\/v2\/pages\/1239\/revisions\/3878"}],"wp:attachment":[{"href":"https:\/\/neosistemas.edu.co\/ceneosistemas\/index.php\/wp-json\/wp\/v2\/media?parent=1239"}],"curies":[{"name":"wp","href":"https:\/\/api.w.org\/{rel}","templated":true}]}}