{"id":1247,"date":"2021-05-19T20:03:35","date_gmt":"2021-05-20T01:03:35","guid":{"rendered":"https:\/\/neosistemas.edu.co\/ceneosistemas\/?page_id=1247"},"modified":"2025-02-05T07:12:41","modified_gmt":"2025-02-05T12:12:41","slug":"mejor-bachiller","status":"publish","type":"page","link":"https:\/\/neosistemas.edu.co\/ceneosistemas\/index.php\/mejor-bachiller\/","title":{"rendered":"Mejor bachiller"},"content":{"rendered":"\t\t<div data-elementor-type=\"wp-page\" data-elementor-id=\"1247\" class=\"elementor elementor-1247\" data-elementor-settings=\"[]\">\n\t\t\t\t\t\t\t<div class=\"elementor-section-wrap\">\n\t\t\t\t\t\t\t<section class=\"elementor-section elementor-top-section elementor-element elementor-element-6692113 elementor-section-boxed elementor-section-height-default elementor-section-height-default\" data-id=\"6692113\" data-element_type=\"section\">\n\t\t\t\t\t\t<div class=\"elementor-container elementor-column-gap-default\">\n\t\t\t\t\t<div class=\"elementor-column elementor-col-100 elementor-top-column elementor-element elementor-element-b805cf0\" data-id=\"b805cf0\" data-element_type=\"column\">\n\t\t\t<div class=\"elementor-widget-wrap elementor-element-populated\">\n\t\t\t\t\t\t\t\t<div class=\"elementor-element elementor-element-e521027 elementor-widget elementor-widget-text-editor\" data-id=\"e521027\" data-element_type=\"widget\" data-widget_type=\"text-editor.default\">\n\t\t\t\t<div class=\"elementor-widget-container\">\n\t\t\t\t\t<div class=\"elementor-text-editor elementor-clearfix\"><p><strong>MEJORES BACHILLERES <\/strong><\/p>\n<ul>\n<li><strong>&nbsp;<\/strong><strong>2006: <\/strong>Andr\u00e9s Felipe Falero Rivera<\/li>\n<li><strong>2007: <\/strong>Luz Mar\u00eda Gonz\u00e1lez Castrill\u00f3n<\/li>\n<li><strong>2008: <\/strong>Juan Esteban Correa L\u00f3pez<\/li>\n<li><strong>2009: <\/strong>Juan Sebasti\u00e1n Mar\u00edn Naranjo<\/li>\n<li><strong>2010: <\/strong>Mateo Alzate Alzate<\/li>\n<li><strong>2011: <\/strong>Santiago V\u00e1squez Echeverri\n<ul>\n<li>Esteban Foronda Sierra<\/li>\n<\/ul>\n<\/li>\n<li><strong>2012: <\/strong>Carolina Jim\u00e9nez Guti\u00e9rrez<\/li>\n<li><strong>2013: <\/strong>Hern\u00e1n Dar\u00edo Vanegas Madrigal<\/li>\n<li><strong>2014: <\/strong>Santiago Alberto G\u00f3mez Franco<\/li>\n<li><strong>2015: <\/strong>Marcelo Cartagena Cano<\/li>\n<li><strong>2016: <\/strong>Juan Jos\u00e9 Pacheco Arias<\/li>\n<li><strong>2017: <\/strong>Isabela Castrill\u00f3n Rivera<\/li>\n<li><strong>2018: <\/strong>Mateo Mej\u00eda Cardona<\/li>\n<li><strong>2019: <\/strong>Diego Alejandro Congote Saldarriaga<\/li>\n<li><strong>2020: <\/strong>Emanuel Sierra Seguro<\/li>\n<li><strong>2021: <\/strong>Melisa Cano Rojas.<\/li>\n<li><strong>2022:<\/strong> Santiago Ochoa Quintero<\/li>\n<li><strong>2023:<\/strong> Evelyn Cano Rojas<\/li><li><span style=\"font-weight: bolder;\">2024:<\/span>&nbsp;Mar\u00eda Clara Restrepo Zapata<\/li>\n<\/ul><\/div>\n\t\t\t\t<\/div>\n\t\t\t\t<\/div>\n\t\t\t\t\t<\/div>\n\t\t<\/div>\n\t\t\t\t\t\t\t<\/div>\n\t\t<\/section>\n\t\t\t\t\t\t<\/div>\n\t\t\t\t\t<\/div>\n\t\t","protected":false},"excerpt":{"rendered":"<p>MEJORES BACHILLERES &nbsp;2006: Andr\u00e9s Felipe Falero Rivera 2007: Luz Mar\u00eda Gonz\u00e1lez Castrill\u00f3n 2008: Juan Esteban Correa L\u00f3pez 2009: Juan Sebasti\u00e1n Mar\u00edn Naranjo 2010: Mateo Alzate Alzate 2011: Santiago V\u00e1squez Echeverri Esteban Foronda Sierra 2012: Carolina Jim\u00e9nez Guti\u00e9rrez 2013: Hern\u00e1n Dar\u00edo Vanegas Madrigal 2014: Santiago Alberto G\u00f3mez Franco 2015: Marcelo Cartagena Cano 2016: Juan Jos\u00e9 Pacheco [&hellip;]<\/p>\n","protected":false},"author":1,"featured_media":0,"parent":0,"menu_order":0,"comment_status":"closed","ping_status":"closed","template":"","meta":{"om_disable_all_campaigns":false},"_links":{"self":[{"href":"https:\/\/neosistemas.edu.co\/ceneosistemas\/index.php\/wp-json\/wp\/v2\/pages\/1247"}],"collection":[{"href":"https:\/\/neosistemas.edu.co\/ceneosistemas\/index.php\/wp-json\/wp\/v2\/pages"}],"about":[{"href":"https:\/\/neosistemas.edu.co\/ceneosistemas\/index.php\/wp-json\/wp\/v2\/types\/page"}],"author":[{"embeddable":true,"href":"https:\/\/neosistemas.edu.co\/ceneosistemas\/index.php\/wp-json\/wp\/v2\/users\/1"}],"replies":[{"embeddable":true,"href":"https:\/\/neosistemas.edu.co\/ceneosistemas\/index.php\/wp-json\/wp\/v2\/comments?post=1247"}],"version-history":[{"count":20,"href":"https:\/\/neosistemas.edu.co\/ceneosistemas\/index.php\/wp-json\/wp\/v2\/pages\/1247\/revisions"}],"predecessor-version":[{"id":3872,"href":"https:\/\/neosistemas.edu.co\/ceneosistemas\/index.php\/wp-json\/wp\/v2\/pages\/1247\/revisions\/3872"}],"wp:attachment":[{"href":"https:\/\/neosistemas.edu.co\/ceneosistemas\/index.php\/wp-json\/wp\/v2\/media?parent=1247"}],"curies":[{"name":"wp","href":"https:\/\/api.w.org\/{rel}","templated":true}]}}