{"id":1285,"date":"2021-05-19T21:20:21","date_gmt":"2021-05-20T02:20:21","guid":{"rendered":"https:\/\/neosistemas.edu.co\/ceneosistemas\/?page_id=1285"},"modified":"2024-02-06T06:32:07","modified_gmt":"2024-02-06T11:32:07","slug":"asignacion-academica","status":"publish","type":"page","link":"https:\/\/neosistemas.edu.co\/ceneosistemas\/index.php\/asignacion-academica\/","title":{"rendered":"Asignaci\u00f3n acad\u00e9mica"},"content":{"rendered":"\t\t<div data-elementor-type=\"wp-page\" data-elementor-id=\"1285\" class=\"elementor elementor-1285\" data-elementor-settings=\"[]\">\n\t\t\t\t\t\t\t<div class=\"elementor-section-wrap\">\n\t\t\t\t\t\t\t<section class=\"elementor-section elementor-top-section elementor-element elementor-element-aea2eb9 elementor-section-boxed elementor-section-height-default elementor-section-height-default\" data-id=\"aea2eb9\" data-element_type=\"section\">\n\t\t\t\t\t\t<div class=\"elementor-container elementor-column-gap-default\">\n\t\t\t\t\t<div class=\"elementor-column elementor-col-100 elementor-top-column elementor-element elementor-element-802a29e\" data-id=\"802a29e\" data-element_type=\"column\">\n\t\t\t<div class=\"elementor-widget-wrap elementor-element-populated\">\n\t\t\t\t\t\t\t\t<div class=\"elementor-element elementor-element-f4799db elementor-widget elementor-widget-heading\" data-id=\"f4799db\" data-element_type=\"widget\" data-widget_type=\"heading.default\">\n\t\t\t\t<div class=\"elementor-widget-container\">\n\t\t\t<h2 class=\"elementor-heading-title elementor-size-default\">Asignaci\u00f3n acad\u00e9mica <\/h2>\t\t<\/div>\n\t\t\t\t<\/div>\n\t\t\t\t\t<\/div>\n\t\t<\/div>\n\t\t\t\t\t\t\t<\/div>\n\t\t<\/section>\n\t\t\t\t<section class=\"elementor-section elementor-top-section elementor-element elementor-element-77bb580 elementor-section-boxed elementor-section-height-default elementor-section-height-default\" data-id=\"77bb580\" data-element_type=\"section\">\n\t\t\t\t\t\t<div class=\"elementor-container elementor-column-gap-default\">\n\t\t\t\t\t<div class=\"elementor-column elementor-col-100 elementor-top-column elementor-element elementor-element-812ee20\" data-id=\"812ee20\" data-element_type=\"column\">\n\t\t\t<div class=\"elementor-widget-wrap elementor-element-populated\">\n\t\t\t\t\t\t\t\t<div class=\"elementor-element elementor-element-7362770 elementor-widget elementor-widget-html\" data-id=\"7362770\" data-element_type=\"widget\" data-widget_type=\"html.default\">\n\t\t\t\t<div class=\"elementor-widget-container\">\n\t\t\t\n<table id=\"tablepress-2\" class=\"tablepress tablepress-id-2\">\n<thead>\n<tr class=\"row-1 odd\">\n\t<th class=\"column-1\">DOCENTE<\/th><th class=\"column-2\">\u00c1REAS DE DESEMPE\u00d1O (NIVEL)<\/th>\n<\/tr>\n<\/thead>\n<tbody class=\"row-hover\">\n<tr class=\"row-2 even\">\n\t<td class=\"column-1\">MARIA ANDREA MADRIGAL LONDO\u00d1O<\/td><td class=\"column-2\">Todos los saberes previos de Preescolar.<br \/>\n\u00c9tica y valores humanos (Segundo, tercero,  Quinto)<br \/>\nProyecto c\u00e1tedra para la paz (tercero)<\/td>\n<\/tr>\n<tr class=\"row-3 odd\">\n\t<td class=\"column-1\">MABEL CRISTINA  CASTRILL\u00d3N BEDOYA<\/td><td class=\"column-2\">Todos los saberes previos de (Prejard\u00edn, Jard\u00edn y Preescolar).<\/td>\n<\/tr>\n<tr class=\"row-4 even\">\n\t<td class=\"column-1\">AYDE GARC\u00cdA LONDO\u00d1O<\/td><td class=\"column-2\">Ciencias naturales educaci\u00f3n ambiental (Primero)<br \/>\nProyecto Ambiental (Primero)<br \/>\nLengua castellana (Primero)<br \/>\nCaligraf\u00eda (Primero)<br \/>\nMatem\u00e1ticas (Primero)<br \/>\n\u00c9tica y valores humanos (Primero)<br \/>\nReligi\u00f3n (Primero y Segundo)<br \/>\nCiencias sociales (Primero y Segundo)<br \/>\nProyectos: c\u00e1tedra para la paz, Historia, Constituci\u00f3n y Civismo (Primero.)<br \/>\nTecnolog\u00eda (Primero)<br \/>\nSociales (Cuarto y Quinto)<br \/>\n<br \/>\n<\/td>\n<\/tr>\n<tr class=\"row-5 odd\">\n\t<td class=\"column-1\">MARCELA  MORENO CASTA\u00d1O<\/td><td class=\"column-2\">Ciencias naturales educaci\u00f3n ambiental (Segundo a Quinto)<br \/>\nMatem\u00e1ticas (Segundo)<br \/>\nEducaci\u00f3n ambiental (Sexto)<\/td>\n<\/tr>\n<tr class=\"row-6 even\">\n\t<td class=\"column-1\">LINA MAR\u00cdA OCAMPO AGUILAR<\/td><td class=\"column-2\">Matem\u00e1ticas, estad\u00edstica y geometr\u00eda (Segundo a Sexto)<\/td>\n<\/tr>\n<tr class=\"row-7 odd\">\n\t<td class=\"column-1\">ANGELA LORENA  R\u00daA OCHOA<\/td><td class=\"column-2\">Tecnolog\u00eda e inform\u00e1tica (Jard\u00edn a tercero)<br \/>\nLengua Castellana (Tercero)<br \/>\nRedacci\u00f3n y ortograf\u00eda (Tercero)<br \/>\nComprensi\u00f3n lectora (Tercero)<br \/>\nEmprendimiento (Quinto, sexto, s\u00e9ptimo, octavo)<br \/>\nIngl\u00e9s (Preescolar A, preescolar B. Primero)<\/td>\n<\/tr>\n<tr class=\"row-8 even\">\n\t<td class=\"column-1\">MARISOL  MONTOYA CADAVID<\/td><td class=\"column-2\">Lengua Castellana (Segundo,  cuarto, quinto, Sexto)<br \/>\nProyecto c\u00e1tedra para la paz (Segundo, Quinto, Sexto)<br \/>\nRedacci\u00f3n y ortograf\u00eda (Segundo, cuarto, quinto, sexto)<br \/>\nComprensi\u00f3n lectora (Segundo, cuarto, quinto, sexto)<br \/>\n\u00c9tica y  valores humanos (Cuarto)<br \/>\n<br \/>\n<\/td>\n<\/tr>\n<tr class=\"row-9 odd\">\n\t<td class=\"column-1\">DIANA MAR\u00cdA  VEL\u00c1SQUEZ MIRANDA<\/td><td class=\"column-2\">Art\u00edstica (Primero a und\u00e9cimo)<br \/>\nEmprendimiento (noveno a und\u00e9cimo)<\/td>\n<\/tr>\n<tr class=\"row-10 even\">\n\t<td class=\"column-1\">ALEXANDRA YULIEHT  HENAO ORLAS<\/td><td class=\"column-2\">Educaci\u00f3n religiosa (Tercero a  Und\u00e9cimo)<br \/>\nCiencias sociales (Tercero a Quinto)<br \/>\nProyecto de c\u00e1tedra para la paz (Cuarto)<br \/>\n<br \/>\n<br \/>\n<\/td>\n<\/tr>\n<tr class=\"row-11 odd\">\n\t<td class=\"column-1\">LINA MARIA \tARANGO MURIEL<\/td><td class=\"column-2\">Ciencias sociales (Sexto a Und\u00e9cimo).<br \/>\nProyectos: c\u00e1tedra para la paz, Historia, Constituci\u00f3n y Civismo (S\u00e9ptimo a und\u00e9cimo).<br \/>\nEconom\u00eda y pol\u00edtica (D\u00e9cimo ).<br \/>\nFilosof\u00eda (D\u00e9cimo y Und\u00e9cimo).<br \/>\n\u00c9tica y valores(S\u00e9ptimo a und\u00e9cimo)<br \/>\n<\/td>\n<\/tr>\n<tr class=\"row-12 even\">\n\t<td class=\"column-1\">MIGUEL ANDR\u00c9S BELTR\u00c1N AGUIRRE.<\/td><td class=\"column-2\">Ciencias naturales (Sexto a Noveno)<br \/>\nEducaci\u00f3n ambiental (Sexto a  Und\u00e9cimo)<br \/>\nMatem\u00e1ticas, geometr\u00eda y estad\u00edstica (S\u00e9ptimo)<br \/>\n<\/td>\n<\/tr>\n<tr class=\"row-13 odd\">\n\t<td class=\"column-1\">MARIBEL BETANCUR SERNA<\/td><td class=\"column-2\">Lengua castellana (S\u00e9ptimo a Und\u00e9cimo)<br \/>\nRedacci\u00f3n y ortograf\u00eda (S\u00e9ptimo a Und\u00e9cimo)<br \/>\nComprensi\u00f3n lectora (S\u00e9ptimo a Und\u00e9cimo)<\/td>\n<\/tr>\n<tr class=\"row-14 even\">\n\t<td class=\"column-1\">RICARDO  RAVE HOYOS<\/td><td class=\"column-2\">Tecnolog\u00eda e inform\u00e1tica: Ofim\u00e1tica, l\u00f3gica, multimedia, programaci\u00f3n, mantenimiento, redes, rob\u00f3tica (Cuarto a Und\u00e9cimo)<\/td>\n<\/tr>\n<tr class=\"row-15 odd\">\n\t<td class=\"column-1\">YESID ANDREY  HERN\u00c1NDEZ HERN\u00c1NDEZ<\/td><td class=\"column-2\">Matem\u00e1ticas, estad\u00edstica y geometr\u00eda (Octavo a Und\u00e9cimo)<br \/>\nF\u00edsica (D\u00e9cimo y und\u00e9cimo)<\/td>\n<\/tr>\n<tr class=\"row-16 even\">\n\t<td class=\"column-1\"><\/td><td class=\"column-2\"><\/td>\n<\/tr>\n<tr class=\"row-17 odd\">\n\t<td class=\"column-1\">DIEGO ARMANDO PE\u00d1A  CASTRO<\/td><td class=\"column-2\">Ajedrez (preescolar a Und\u00e9cimo)<\/td>\n<\/tr>\n<tr class=\"row-18 even\">\n\t<td class=\"column-1\">CARLOS MARIO OCHOA OROZCO<\/td><td class=\"column-2\">Idioma extranjero - INGLES (Tercero a Und\u00e9cimo)<\/td>\n<\/tr>\n<tr class=\"row-19 odd\">\n\t<td class=\"column-1\">LE\u00d3N FELIPE  CASTRILL\u00d3N URIBE<\/td><td class=\"column-2\">Educaci\u00f3n f\u00edsica recreaci\u00f3n y deportes (Jard\u00edn a Und\u00e9cimo)<\/td>\n<\/tr>\n<tr class=\"row-20 even\">\n\t<td class=\"column-1\">WILDER ESTIBEN YARCE S\u00c1NCHEZ<\/td><td class=\"column-2\">Educaci\u00f3n sexual y afectividad (Primero  a Und\u00e9cimo)<\/td>\n<\/tr>\n<\/tbody>\n<\/table>\n<!-- #tablepress-2 from cache -->\t\t<\/div>\n\t\t\t\t<\/div>\n\t\t\t\t\t<\/div>\n\t\t<\/div>\n\t\t\t\t\t\t\t<\/div>\n\t\t<\/section>\n\t\t\t\t\t\t<\/div>\n\t\t\t\t\t<\/div>\n\t\t","protected":false},"excerpt":{"rendered":"<p>Asignaci\u00f3n acad\u00e9mica<\/p>\n","protected":false},"author":1,"featured_media":0,"parent":0,"menu_order":0,"comment_status":"closed","ping_status":"closed","template":"","meta":{"om_disable_all_campaigns":false},"_links":{"self":[{"href":"https:\/\/neosistemas.edu.co\/ceneosistemas\/index.php\/wp-json\/wp\/v2\/pages\/1285"}],"collection":[{"href":"https:\/\/neosistemas.edu.co\/ceneosistemas\/index.php\/wp-json\/wp\/v2\/pages"}],"about":[{"href":"https:\/\/neosistemas.edu.co\/ceneosistemas\/index.php\/wp-json\/wp\/v2\/types\/page"}],"author":[{"embeddable":true,"href":"https:\/\/neosistemas.edu.co\/ceneosistemas\/index.php\/wp-json\/wp\/v2\/users\/1"}],"replies":[{"embeddable":true,"href":"https:\/\/neosistemas.edu.co\/ceneosistemas\/index.php\/wp-json\/wp\/v2\/comments?post=1285"}],"version-history":[{"count":10,"href":"https:\/\/neosistemas.edu.co\/ceneosistemas\/index.php\/wp-json\/wp\/v2\/pages\/1285\/revisions"}],"predecessor-version":[{"id":3267,"href":"https:\/\/neosistemas.edu.co\/ceneosistemas\/index.php\/wp-json\/wp\/v2\/pages\/1285\/revisions\/3267"}],"wp:attachment":[{"href":"https:\/\/neosistemas.edu.co\/ceneosistemas\/index.php\/wp-json\/wp\/v2\/media?parent=1285"}],"curies":[{"name":"wp","href":"https:\/\/api.w.org\/{rel}","templated":true}]}}