{"id":257,"date":"2021-04-17T23:20:59","date_gmt":"2021-04-17T23:20:59","guid":{"rendered":"https:\/\/neosistemas.edu.co\/ceneosistemas\/?page_id=257"},"modified":"2021-04-17T23:32:52","modified_gmt":"2021-04-17T23:32:52","slug":"resena-historica","status":"publish","type":"page","link":"https:\/\/neosistemas.edu.co\/ceneosistemas\/index.php\/resena-historica\/","title":{"rendered":"Rese\u00f1a Hist\u00f3rica"},"content":{"rendered":"\t\t<div data-elementor-type=\"wp-page\" data-elementor-id=\"257\" class=\"elementor elementor-257\" data-elementor-settings=\"[]\">\n\t\t\t\t\t\t\t<div class=\"elementor-section-wrap\">\n\t\t\t\t\t\t\t<section class=\"elementor-section elementor-top-section elementor-element elementor-element-1503681 elementor-section-boxed elementor-section-height-default elementor-section-height-default\" data-id=\"1503681\" data-element_type=\"section\">\n\t\t\t\t\t\t<div class=\"elementor-container elementor-column-gap-default\">\n\t\t\t\t\t<div class=\"elementor-column elementor-col-100 elementor-top-column elementor-element elementor-element-0301299\" data-id=\"0301299\" data-element_type=\"column\">\n\t\t\t<div class=\"elementor-widget-wrap elementor-element-populated\">\n\t\t\t\t\t\t\t\t<div class=\"elementor-element elementor-element-0019382 elementor-widget elementor-widget-heading\" data-id=\"0019382\" data-element_type=\"widget\" data-widget_type=\"heading.default\">\n\t\t\t\t<div class=\"elementor-widget-container\">\n\t\t\t<h2 class=\"elementor-heading-title elementor-size-default\">RESE\u00d1A HIST\u00d3RICA<\/h2>\t\t<\/div>\n\t\t\t\t<\/div>\n\t\t\t\t\t<\/div>\n\t\t<\/div>\n\t\t\t\t\t\t\t<\/div>\n\t\t<\/section>\n\t\t\t\t<section class=\"elementor-section elementor-top-section elementor-element elementor-element-ebb4d3d elementor-section-boxed elementor-section-height-default elementor-section-height-default\" data-id=\"ebb4d3d\" data-element_type=\"section\">\n\t\t\t\t\t\t<div class=\"elementor-container elementor-column-gap-default\">\n\t\t\t\t\t<div class=\"elementor-column elementor-col-100 elementor-top-column elementor-element elementor-element-5036f17\" data-id=\"5036f17\" data-element_type=\"column\">\n\t\t\t<div class=\"elementor-widget-wrap elementor-element-populated\">\n\t\t\t\t\t\t\t\t<div class=\"elementor-element elementor-element-3a7e510 elementor-widget elementor-widget-text-editor\" data-id=\"3a7e510\" data-element_type=\"widget\" data-widget_type=\"text-editor.default\">\n\t\t\t\t<div class=\"elementor-widget-container\">\n\t\t\t\t\t<div class=\"elementor-text-editor elementor-clearfix\"><p>Como antecedentes para el inicio de labores con educaci\u00f3n formal figura el Centro Educativo Neosistemas, educaci\u00f3n no Formal con resoluci\u00f3n de aprobaci\u00f3n de estudios No 00890 de mayo 17 de 1994 y 6071 de julio 28 de 2000.<\/p><p>Este instituto de educaci\u00f3n no formal inicia sus labores el 03 de octubre de 1991, desarrollando su actividad en una peque\u00f1a sede en la Carrera 16 No 7-23.Luego con sus programas administrativos y de sistemas aprobados por la Secretar\u00eda de Educaci\u00f3n de Antioquia, se ubica en la misma Carrera 16 No 7-45 en una sede m\u00e1s amplia y equipada. Desde mayo de 1995 ocupa la sede de la carrera 16 No 7-180.<\/p><p>En la actualidad, sus programas t\u00e9cnicos responden a la necesidad de formaci\u00f3n para la vida, la ciudadan\u00eda y el trabajo en el Municipio de Girardota y su \u00e1rea de influencia.<\/p><p>El colegio se constituye con la intencionalidad de dar respuesta real a las demandas y necesidades de formaci\u00f3n que requiere la ni\u00f1ez y la juventud Girardotana.<\/p><p>Es as\u00ed, como se empieza a ejecutar el proyecto de la educaci\u00f3n formal de car\u00e1cter privado, mixto, con \u00e9nfasis en sistemas e ingl\u00e9s. Las actividades escolares iniciaron el 27 de Enero de 1998.Se conserva el nombre de Centro Educativo Neosistemas y se anexa a su infraestructura f\u00edsica la sede situada en la calle Caldas carrera 17 N 07 191.<\/p><p>En su inicio el Centro Educativo Neosistemas se traz\u00f3 el prop\u00f3sito de ofrecer una educaci\u00f3n con car\u00e1cter personalizado, comenzando actividades pedag\u00f3gicas con alumnos en los grados de preescolar, primero y segundo de la b\u00e1sica primaria.<\/p><p>Su actual planta f\u00edsica consta de 12 aulas de clases, en las cuales se desarrolla el trabajo pedag\u00f3gico con los alumnos desde el grado preescolar hasta el grado und\u00e9cimo de la educaci\u00f3n media t\u00e9cnica; igualmente, posee rectora, secretaria, sala de profesores, dos salas de inform\u00e1tica, modernos servicios sanitarios en el primer y segundo nivel, patios de recreo y jard\u00edn, una c\u00f3moda cafeter\u00eda, un peque\u00f1o laboratorio-taller de mantenimiento de hardware y software, sal\u00f3n de materiales, y consultorio psicol\u00f3gico.<\/p><p>Para el a\u00f1o 2008 se cuenta con grupos de alumnos en los grados de preescolar hasta noveno de la b\u00e1sica secundaria, y los grados d\u00e9cimo y und\u00e9cimo de la media t\u00e9cnica; con una totalidad de 292 estudiantes. Su Resoluci\u00f3n de aprobaci\u00f3n de estudios es la N 19445 de diciembre 3 de 2002 y Resoluci\u00f3n de aprobaci\u00f3n de la media t\u00e9cnica N 8264 de julio 21 de 2005.<\/p><\/div>\n\t\t\t\t<\/div>\n\t\t\t\t<\/div>\n\t\t\t\t\t<\/div>\n\t\t<\/div>\n\t\t\t\t\t\t\t<\/div>\n\t\t<\/section>\n\t\t\t\t\t\t<\/div>\n\t\t\t\t\t<\/div>\n\t\t","protected":false},"excerpt":{"rendered":"<p>RESE\u00d1A HIST\u00d3RICA Como antecedentes para el inicio de labores con educaci\u00f3n formal figura el Centro Educativo Neosistemas, educaci\u00f3n no Formal con resoluci\u00f3n de aprobaci\u00f3n de estudios No 00890 de mayo 17 de 1994 y 6071 de julio 28 de 2000. Este instituto de educaci\u00f3n no formal inicia sus labores el 03 de octubre de 1991, [&hellip;]<\/p>\n","protected":false},"author":1,"featured_media":0,"parent":0,"menu_order":0,"comment_status":"closed","ping_status":"closed","template":"","meta":{"om_disable_all_campaigns":false},"_links":{"self":[{"href":"https:\/\/neosistemas.edu.co\/ceneosistemas\/index.php\/wp-json\/wp\/v2\/pages\/257"}],"collection":[{"href":"https:\/\/neosistemas.edu.co\/ceneosistemas\/index.php\/wp-json\/wp\/v2\/pages"}],"about":[{"href":"https:\/\/neosistemas.edu.co\/ceneosistemas\/index.php\/wp-json\/wp\/v2\/types\/page"}],"author":[{"embeddable":true,"href":"https:\/\/neosistemas.edu.co\/ceneosistemas\/index.php\/wp-json\/wp\/v2\/users\/1"}],"replies":[{"embeddable":true,"href":"https:\/\/neosistemas.edu.co\/ceneosistemas\/index.php\/wp-json\/wp\/v2\/comments?post=257"}],"version-history":[{"count":4,"href":"https:\/\/neosistemas.edu.co\/ceneosistemas\/index.php\/wp-json\/wp\/v2\/pages\/257\/revisions"}],"predecessor-version":[{"id":279,"href":"https:\/\/neosistemas.edu.co\/ceneosistemas\/index.php\/wp-json\/wp\/v2\/pages\/257\/revisions\/279"}],"wp:attachment":[{"href":"https:\/\/neosistemas.edu.co\/ceneosistemas\/index.php\/wp-json\/wp\/v2\/media?parent=257"}],"curies":[{"name":"wp","href":"https:\/\/api.w.org\/{rel}","templated":true}]}}