{"id":259,"date":"2021-04-17T23:20:59","date_gmt":"2021-04-17T23:20:59","guid":{"rendered":"https:\/\/neosistemas.edu.co\/ceneosistemas\/?page_id=259"},"modified":"2021-04-17T23:35:53","modified_gmt":"2021-04-17T23:35:53","slug":"objetivos","status":"publish","type":"page","link":"https:\/\/neosistemas.edu.co\/ceneosistemas\/index.php\/objetivos\/","title":{"rendered":"Objetivos"},"content":{"rendered":"\t\t<div data-elementor-type=\"wp-page\" data-elementor-id=\"259\" class=\"elementor elementor-259\" data-elementor-settings=\"[]\">\n\t\t\t\t\t\t\t<div class=\"elementor-section-wrap\">\n\t\t\t\t\t\t\t<section class=\"elementor-section elementor-top-section elementor-element elementor-element-e2fb077 elementor-section-boxed elementor-section-height-default elementor-section-height-default\" data-id=\"e2fb077\" data-element_type=\"section\">\n\t\t\t\t\t\t<div class=\"elementor-container elementor-column-gap-default\">\n\t\t\t\t\t<div class=\"elementor-column elementor-col-100 elementor-top-column elementor-element elementor-element-70b39ee\" data-id=\"70b39ee\" data-element_type=\"column\">\n\t\t\t<div class=\"elementor-widget-wrap elementor-element-populated\">\n\t\t\t\t\t\t\t\t<div class=\"elementor-element elementor-element-ef640cf elementor-widget elementor-widget-heading\" data-id=\"ef640cf\" data-element_type=\"widget\" data-widget_type=\"heading.default\">\n\t\t\t\t<div class=\"elementor-widget-container\">\n\t\t\t<h2 class=\"elementor-heading-title elementor-size-default\">OBJETIVOS<\/h2>\t\t<\/div>\n\t\t\t\t<\/div>\n\t\t\t\t\t<\/div>\n\t\t<\/div>\n\t\t\t\t\t\t\t<\/div>\n\t\t<\/section>\n\t\t\t\t<section class=\"elementor-section elementor-top-section elementor-element elementor-element-84e67a3 elementor-section-boxed elementor-section-height-default elementor-section-height-default\" data-id=\"84e67a3\" data-element_type=\"section\">\n\t\t\t\t\t\t<div class=\"elementor-container elementor-column-gap-default\">\n\t\t\t\t\t<div class=\"elementor-column elementor-col-100 elementor-top-column elementor-element elementor-element-0ddcbcc\" data-id=\"0ddcbcc\" data-element_type=\"column\">\n\t\t\t<div class=\"elementor-widget-wrap elementor-element-populated\">\n\t\t\t\t\t\t\t\t<div class=\"elementor-element elementor-element-e6d054d elementor-widget elementor-widget-text-editor\" data-id=\"e6d054d\" data-element_type=\"widget\" data-widget_type=\"text-editor.default\">\n\t\t\t\t<div class=\"elementor-widget-container\">\n\t\t\t\t\t<div class=\"elementor-text-editor elementor-clearfix\"><p>1. Desarrollar la formaci\u00f3n integral de acuerdo con los requisitos y metas establecidas.<\/p><p>2. Obtener y conservar el nivel de calificaci\u00f3n en la calidad del servicio educativo de los clientes superior a 4.0.<\/p><p>3. Establecer y desarrollar plan de capacitaci\u00f3n de acuerdo con el diagnostico de necesidades de competencia para los docentes de la Instituci\u00f3n educativa.<\/p><p>4. Disponer, mejorar y conservar la infraestructura necesaria para la prestaci\u00f3n del servicio educativo.<\/p><p>5. Elaborar e implementar un plan de proyectos que contribuya a elevar el desempe\u00f1o en la instituci\u00f3n educativa y reconocimiento en la regi\u00f3n.<\/p><p>6. Desarrollar acciones de mejora continua que contribuyan a elevar el desempe\u00f1o de la Instituci\u00f3n educativa.<\/p><p>7. Incrementar en un 10% nuestros clientes para el a\u00f1o 2021.<\/p><p>8. Cumplir con el 90% de programas establecidos que permitan la satisfacci\u00f3n, permanencia y participaci\u00f3n de los clientes con la organizaci\u00f3n.<\/p><\/div>\n\t\t\t\t<\/div>\n\t\t\t\t<\/div>\n\t\t\t\t\t<\/div>\n\t\t<\/div>\n\t\t\t\t\t\t\t<\/div>\n\t\t<\/section>\n\t\t\t\t\t\t<\/div>\n\t\t\t\t\t<\/div>\n\t\t","protected":false},"excerpt":{"rendered":"<p>OBJETIVOS 1. Desarrollar la formaci\u00f3n integral de acuerdo con los requisitos y metas establecidas. 2. Obtener y conservar el nivel de calificaci\u00f3n en la calidad del servicio educativo de los clientes superior a 4.0. 3. Establecer y desarrollar plan de capacitaci\u00f3n de acuerdo con el diagnostico de necesidades de competencia para los docentes de la [&hellip;]<\/p>\n","protected":false},"author":1,"featured_media":0,"parent":0,"menu_order":0,"comment_status":"closed","ping_status":"closed","template":"","meta":{"om_disable_all_campaigns":false,"footnotes":""},"class_list":["post-259","page","type-page","status-publish","hentry"],"_links":{"self":[{"href":"https:\/\/neosistemas.edu.co\/ceneosistemas\/index.php\/wp-json\/wp\/v2\/pages\/259","targetHints":{"allow":["GET"]}}],"collection":[{"href":"https:\/\/neosistemas.edu.co\/ceneosistemas\/index.php\/wp-json\/wp\/v2\/pages"}],"about":[{"href":"https:\/\/neosistemas.edu.co\/ceneosistemas\/index.php\/wp-json\/wp\/v2\/types\/page"}],"author":[{"embeddable":true,"href":"https:\/\/neosistemas.edu.co\/ceneosistemas\/index.php\/wp-json\/wp\/v2\/users\/1"}],"replies":[{"embeddable":true,"href":"https:\/\/neosistemas.edu.co\/ceneosistemas\/index.php\/wp-json\/wp\/v2\/comments?post=259"}],"version-history":[{"count":7,"href":"https:\/\/neosistemas.edu.co\/ceneosistemas\/index.php\/wp-json\/wp\/v2\/pages\/259\/revisions"}],"predecessor-version":[{"id":288,"href":"https:\/\/neosistemas.edu.co\/ceneosistemas\/index.php\/wp-json\/wp\/v2\/pages\/259\/revisions\/288"}],"wp:attachment":[{"href":"https:\/\/neosistemas.edu.co\/ceneosistemas\/index.php\/wp-json\/wp\/v2\/media?parent=259"}],"curies":[{"name":"wp","href":"https:\/\/api.w.org\/{rel}","templated":true}]}}